{"id":1581,"date":"2023-03-02T08:21:34","date_gmt":"2023-03-02T08:21:34","guid":{"rendered":"http:\/\/test.loc\/?page_id=1581"},"modified":"2023-08-19T13:23:28","modified_gmt":"2023-08-19T13:23:28","slug":"home-page-two","status":"publish","type":"page","link":"https:\/\/garage-sommer.ch\/","title":{"rendered":"Home page two"},"content":{"rendered":"<section class=\"wpb-content-wrapper\"><p>[vc_row full_height=&#8221;yes&#8221; css_animation=&#8221;none&#8221; css=&#8221;.vc_custom_1692451314325{margin-bottom: 0px !important;}&#8221; el_class=&#8221;stm-slider-nice-height&#8221;][vc_column][stm_hero_banner info_block_style=&#8221;style_2&#8243; title_font_size=&#8221;&#8221; title_font_weight=&#8221;700&#8243; title_color=&#8221;&#8221; two_first_color=&#8221;#ffffff&#8221; btn_icon_color=&#8221;#f2f2f2&#8243; btn_text_color=&#8221;&#8221; btn_font_size=&#8221;14&#8243; btn_line_height=&#8221;10&#8243; currency_line_height=&#8221;18&#8243; price_line_height=&#8221;40&#8243; image=&#8221;1846&#8243;][\/stm_hero_banner][\/vc_column][\/vc_row][vc_row css=&#8221;.vc_custom_1448544673381{margin-bottom: 57px !important;}&#8221;][vc_column][stm_car_listing_tabbed top_part_bg=&#8221;&#8221; tab_affix=&#8221;&#8221; found_cars_prefix=&#8221;&#8221; search_icon=&#8221;stm-icon-car_search&#8221; filter_columns_number=&#8221;4&#8243; filter_selected=&#8221;body,make,serie,mileage,ca-year,price,exterior-color&#8221; call_to_action_icon=&#8221;stm-icon-question&#8221; call_to_action_icon_right=&#8221;stm-icon-phone2&#8243; call_to_action_text_color=&#8221;#ffffff&#8221; enable_call_to_action=&#8221;true&#8221; search_label=&#8221;Search Inventory&#8221; call_to_action_label=&#8221;Have a Questions? Call Today!&#8221; call_to_action_label_right=&#8221;888-694-5544&#8243;][\/stm_car_listing_tabbed][stm_color_separator color=&#8221;#e41515&#8243; css=&#8221;.vc_custom_1690927839094{border-radius: 20px !important;}&#8221;][vc_column_text][\/vc_column_text][vc_column_text]<\/p>\n<p style=\"text-align: center;\">Die Garage Sommer ist ein renommierter Autoh\u00e4ndler und eine Autowerkstatt, die durch ihre Fachkomptenz, ihre Zuverl\u00e4ssigkeit und ihren Kundenservice \u00fcberzeugt. Erfahren Sie mehr <a href=\"https:\/\/garage-sommer.ch\/index.php\/about-us\/\">\u00fcber uns<\/a>, schauen Sie im <a href=\"https:\/\/garage-sommer.ch\/index.php\/service\/\">Wolfishop<\/a> oder in unserer <a href=\"https:\/\/garage-sommer.ch\/index.php\/service\/\">Waschanlage<\/a> vorbei. Werfen Sie einen Blick auf die <a href=\"https:\/\/garage-sommer.ch\/index.php\/modern-inventory\/\">Occasionen<\/a>, die wir zum Verkauf anbieten, oder auf die <a href=\"https:\/\/garage-sommer.ch\/index.php\/services\/\">Spezialanfertigungen<\/a>, die wir in unserer Werkstatt durchf\u00fchren. Falls die Informationen auf unserer Website eine Frage unbeantwortet lassen, nehmen Sie gerne Kontakt mit uns auf.<\/p>\n<p>[\/vc_column_text][stm_color_separator color=&#8221;e41515&#8243;][vc_column_text][\/vc_column_text][vc_gmaps link=&#8221;#E-8_JTNDaWZyYW1lJTIwc3JjJTNEJTIyaHR0cHMlM0ElMkYlMkZ3d3cuZ29vZ2xlLmNvbSUyRm1hcHMlMkZlbWJlZCUzRnBiJTNEJTIxMW0xOCUyMTFtMTIlMjExbTMlMjExZDI2OTkuNzE3MTY0MTU2MjAwNCUyMTJkOS4wNDM4MjE0NzUwNzQzNDYlMjEzZDQ3LjQxNzQ1NzcwMTAyMTQ4JTIxMm0zJTIxMWYwJTIxMmYwJTIxM2YwJTIxM20yJTIxMWkxMDI0JTIxMmk3NjglMjE0ZjEzLjElMjEzbTMlMjExbTIlMjExczB4NDc5YWU5ZjdlZWNjODQ4NyUyNTNBMHg1NjNiNGQ2ZjkwYjBmNzQ4JTIxMnNHYXJhZ2UlMjUyMFNvbW1lciUyNTIwS2lyY2hiZXJnJTIxNWUwJTIxM20yJTIxMXNkZSUyMTJzaXQlMjE0djE2OTA4NjU0NDI1NjQlMjE1bTIlMjExc2RlJTIxMnNpdCUyMiUyMHdpZHRoJTNEJTIyNjAwJTIyJTIwaGVpZ2h0JTNEJTIyNDUwJTIyJTIwc3R5bGUlM0QlMjJib3JkZXIlM0EwJTNCJTIyJTIwYWxsb3dmdWxsc2NyZWVuJTNEJTIyJTIyJTIwbG9hZGluZyUzRCUyMmxhenklMjIlMjByZWZlcnJlcnBvbGljeSUzRCUyMm5vLXJlZmVycmVyLXdoZW4tZG93bmdyYWRlJTIyJTNFJTNDJTJGaWZyYW1lJTNF&#8221;][\/vc_column][\/vc_row]<\/p>\n<\/section>","protected":false},"excerpt":{"rendered":"<p>[vc_row full_height=&#8221;yes&#8221; css_animation=&#8221;none&#8221; css=&#8221;.vc_custom_1692451314325{margin-bottom: 0px !important;}&#8221; el_class=&#8221;stm-slider-nice-height&#8221;][vc_column][stm_hero_banner info_block_style=&#8221;style_2&#8243; title_font_size=&#8221;&#8221; title_font_weight=&#8221;700&#8243; title_color=&#8221;&#8221; two_first_color=&#8221;#ffffff&#8221; btn_icon_color=&#8221;#f2f2f2&#8243; btn_text_color=&#8221;&#8221; btn_font_size=&#8221;14&#8243; btn_line_height=&#8221;10&#8243; currency_line_height=&#8221;18&#8243; price_line_height=&#8221;40&#8243; image=&#8221;1846&#8243;][\/stm_hero_banner][\/vc_column][\/vc_row][vc_row css=&#8221;.vc_custom_1448544673381{margin-bottom: 57px !important;}&#8221;][vc_column][stm_car_listing_tabbed top_part_bg=&#8221;&#8221; tab_affix=&#8221;&#8221; found_cars_prefix=&#8221;&#8221; search_icon=&#8221;stm-icon-car_search&#8221; filter_columns_number=&#8221;4&#8243; filter_selected=&#8221;body,make,serie,mileage,ca-year,price,exterior-color&#8221; call_to_action_icon=&#8221;stm-icon-question&#8221; call_to_action_icon_right=&#8221;stm-icon-phone2&#8243; call_to_action_text_color=&#8221;#ffffff&#8221; enable_call_to_action=&#8221;true&#8221; search_label=&#8221;Search Inventory&#8221; call_to_action_label=&#8221;Have a Questions? Call Today!&#8221; call_to_action_label_right=&#8221;888-694-5544&#8243;][\/stm_car_listing_tabbed][stm_color_separator color=&#8221;#e41515&#8243; css=&#8221;.vc_custom_1690927839094{border-radius: 20px !important;}&#8221;][vc_column_text][\/vc_column_text][vc_column_text] Die Garage Sommer ist ein renommierter Autoh\u00e4ndler und eine Autowerkstatt, die&#8230;<\/p>\n","protected":false},"author":1,"featured_media":0,"parent":0,"menu_order":0,"comment_status":"closed","ping_status":"closed","template":"","meta":{"footnotes":""},"class_list":["post-1581","page","type-page","status-publish","hentry"],"_links":{"self":[{"href":"https:\/\/garage-sommer.ch\/index.php\/wp-json\/wp\/v2\/pages\/1581","targetHints":{"allow":["GET"]}}],"collection":[{"href":"https:\/\/garage-sommer.ch\/index.php\/wp-json\/wp\/v2\/pages"}],"about":[{"href":"https:\/\/garage-sommer.ch\/index.php\/wp-json\/wp\/v2\/types\/page"}],"author":[{"embeddable":true,"href":"https:\/\/garage-sommer.ch\/index.php\/wp-json\/wp\/v2\/users\/1"}],"replies":[{"embeddable":true,"href":"https:\/\/garage-sommer.ch\/index.php\/wp-json\/wp\/v2\/comments?post=1581"}],"version-history":[{"count":47,"href":"https:\/\/garage-sommer.ch\/index.php\/wp-json\/wp\/v2\/pages\/1581\/revisions"}],"predecessor-version":[{"id":1662,"href":"https:\/\/garage-sommer.ch\/index.php\/wp-json\/wp\/v2\/pages\/1581\/revisions\/1662"}],"wp:attachment":[{"href":"https:\/\/garage-sommer.ch\/index.php\/wp-json\/wp\/v2\/media?parent=1581"}],"curies":[{"name":"wp","href":"https:\/\/api.w.org\/{rel}","templated":true}]}}